*h + 750 = 5*f, -6*h + 4*h + 610 = 4*f. What is the remainder when f is divided by 42?
29
Suppose o - 2 - 3 = 0. Suppose o*w = -4*f + 50, 2*w - 5*f = -0*f + 20. Let q(p) = -14*p - 13. What is the remainder when q(-3) is divided by w?
9
Suppose 3*w = 2*v + 11, 2*v = 4*v + 2*w - 4. Let f = v - -3. What is the remainder when 17 is divided by f + -5 + 2 + 11?
7
Let n be (-1 - -8) + (-2)/1. Suppose 6*k - 3*k + 4*c - 27 = 0, 0 = -5*k + n*c + 80. Suppose 3*z + 120 = 8*z. Calculate the remainder when z is divided by k.
11
Suppose 16 - 2 = a. Suppose i = 2*u + 25 + 8, -5*u = 5*i - 150. Suppose 0 = -y - 4 + i. What is the remainder when y is divided by a?
13
Let f = -25 - -38. What is the remainder when 7 is divided by f/3 + 4/6?
2
Suppose 150*c - 4 = 149*c. What is the remainder when 83/9 + 4/(-18) is divided by c?
1
Suppose 3*k - 46 + 1 = 0. What is the remainder when k is divided by 4?
3
Let o(y) = 10*y. Suppose 2*s + g = 21 + 3, 3*g = -3*s + 39. Calculate the remainder when o(3) is divided by s.
8
Let s(p) be the second derivative of p**3/2 - 2*p**2 + 3*p. What is the remainder when s(7) is divided by 6?
5
Suppose 0 = -2*n + 2*m - 4 + 28, 0 = -5*n - 2*m + 32. Let v = 0 - -5. What is the remainder when n is divided by v?
3
Let x = -3 + 20. Let m(h) = -46*h + 2. Suppose 2 + 0 = -2*d. Calculate the remainder when m(d) is divided by x.
14
Let t = 14 - -5. Suppose 4*h - t = 9. Let z = 7 + 18. Calculate the remainder when z is divided by h.
4
Let s(v) = 3*v**3 - 6*v**2 + 3. Calculate the remainder when 87 is divided by s(3).
27
Let f(t) = 9*t - 8. Let h be f(6). Suppose -g + 4*d = -d - 2, 3*g + 5*d - h = 0. Suppose 8 = -m + 30. Calculate the remainder when m is divided by g.
10
Let g = 2 - 26. Let a = -44 - -81. Let c = a + g. What is the remainder when 49 is divided by c?
10
Let z = 98 + -86. Calculate the remainder when 83 is divided by z.
11
Suppose -8*c + 3*c + 135 = 0. Let h(a) = a**2 + 2*a. Let z be h(-6). Let i = -14 + z. What is the remainder when c is divided by i?
7
Let s(n) = n + 62. Suppose -5*g = -3*r - 96, 2*g + 2*r = 3*r + 39. Calculate the remainder when s(0) is divided by g.
20
Suppose -3*f + 6*f = 54. Let u = 112 + -77. What is the remainder when u is divided by f?
17
Suppose 0 = 3*n - 4*v - 29, 7*n - 2*v = 2*n + 39. Calculate the remainder when 17 is divided by n.
3
Let w(m) = 4*m + 1. Let t be w(7). Suppose -g + t = 5*p, -2*g - p + 44 = 2*p. What is the remainder when 56 is divided by g?
18
Let g(s) = 2*s**2 + 5*s + 2. What is the remainder when (-26)/4*(10 - 12) is divided by g(-3)?
3
Suppose -2*t = -12 - 24. Suppose -25 = -a + 5. Let u = a - 20. What is the remainder when t is divided by u?
8
Suppose -5*i = -s - i + 3, 4*i + 36 = 4*s. What is the remainder when 139 is divided by s?
7
Suppose 5*o - 72 = -8*w + 5*w, 0 = -3*w + 4*o + 45. Calculate the remainder when 36 is divided by w.
17
Let m(x) = 54*x - 94. Calculate the remainder when m(7) is divided by 13.
11
Suppose 0 = 5*i - 12 - 3. Suppose -i*c - 2 = y - 6, -2*c = 3*y + 9. What is the remainder when (1 + -14)/(c/(-9)) is divided by 20?
19
Suppose 3*c - 48 = -0*c. Calculate the remainder when 62 is divided by c.
14
Let d(a) = a + 12. Let n(t) = t**3 - 6*t**2 + 3*t + 2. Let b be n(5). Calculate the remainder when d(b) is divided by 3.
1
Suppose r + 200 = 6*r. What is the remainder when r is divided by 7?
5
Suppose 21 = -3*b + 3. What is the remainder when 6/(-1*b/8) is divided by 3?
2
Suppose 1 = 3*k - 4*k. Let r be k/(1/34*2). Let y = r - -46. What is the remainder when y is divided by 10?
9
Suppose -4*y - y + 50 = 0. Calculate the remainder when 46 is divided by y.
6
Let g(y) = -y**3 + 8*y**2 - 8*y - 10. Let p = 7 - 4. Let z(t) = 10*t - 4. What is the remainder when z(p) is divided by g(6)?
12
Let r(k) = 2*k**2 + 2*k - 4. What is the remainder when r(-4) is divided by 7?
6
Let w = 113 + -75. What is the remainder when 75 is divided by w?
37
Suppose 13*h - 9*h = 40. Let a = 42 + -13. What is the remainder when a is divided by h?
9
Let a(u) = -u**3 + 7*u**2 - 7*u. Let w(v) = -2*v - 4. Let o be w(-4). Suppose -j - o*j = -40. Calculate the remainder when a(5) is divided by j.
7
Suppose 4*q - 3*q = -3*l + 52, -2*l = -5*q + 192. Let t(s) = -3*s - 25. Calculate the remainder when q is divided by t(-13).
12
Let n = 30 + -26. Let o be -2 + -4*(1 - 0). What is the remainder when n/o + (-500)/(-12) is divided by 14?
13
Suppose -5*v + 0 = -5. Let m be -1 + -10 + -3 + v. Let c = m + 21. Calculate the remainder when 22 is divided by c.
6
Let y = -16 + 19. Suppose y*m = m + 68. Suppose -k + 13 = -5. What is the remainder when m is divided by k?
16
Let v(j) = -4*j - 1. Let p(t) = -t**3 + 10*t**2 - 8*t - 11. Let y be p(9). Suppose 75 = 3*c - 0*c. What is the remainder when c is divided by v(y)?
4
Suppose -16 = -9*f + 7*f. Suppose j - f = 11. What is the remainder when j is divided by 5?
4
Let z(y) = y**2 - 6*y - 5. Let t be z(-5). Suppose -2*x + 36 + t = 0. Suppose 0*i = -2*i - 5*k + 32, 5 = i - 3*k. What is the remainder when x is divided by i?
10
Let y(x) = -x**3 - 13*x**2 - 19*x - 12. What is the remainder when y(-12) is divided by 15?
12
Calculate the remainder when 35 is divided by ((-5)/4)/((-2)/16).
5
Suppose -5*z + 68 - 23 = 0. Calculate the remainder when 501/15 - (-2)/(-5) is divided by z.
6
Let w be (34/4 - 1)*2. Let t = 18 - w. Calculate the remainder when 17 is divided by t.
2
Suppose 0 = 4*l - 3*o + 11, -4*l - 3*o + 18 = -l. Calculate the remainder when 2 + 2*(-5)/(-10) is divided by 1 - (3/(-3))/l.
1
Suppose -3*x = -19 - 5. Suppose 3*h - 4*c - 14 = 18, 3*c = -4*h + 1. Let q = 1 + h. Calculate the remainder when x is divided by q.
3
Let q(p) = -3*p - 2. Let z = -2 + -5. What is the remainder when q(z) is divided by 7?
5
Let f = 43 + -12. Calculate the remainder when f is divided by 11.
9
Let b = -4 - -6. Suppose -b*f = -7 - 43. Let h = -12 - -26. Calculate the remainder when f is divided by h.
11
Let w = -8 + 10. Suppose 0*m + 48 = w*m. Calculate the remainder when m is divided by 13.
11
What is the remainder when 36 is divided by 8/(-14) + 855/63?
10
Let u be (1 - (0 + -2)) + 97. Suppose -2*j = -7*j + u. Calculate the remainder when j is divided by 7.
6
Suppose r = 5, 4*n + n - 45 = -r. Let v = -6 - n. Calculate the remainder when v/(-4) + (-3)/6 is divided by 2.
1
Let i(p) = 2*p + 65. Calculate the remainder when 43 is divided by i(-21).
20
Let s(g) = -g**2 - 17*g + 25. Calculate the remainder when 32 is divided by s(-18).
4
Let d(v) = -10*v**3 + v**2. Let a be d(-1). Let k be a + (0 - (-1 - -3)). Suppose y - k = 24. What is the remainder when y is divided by 17?
16
Suppose 3*m + 2*z - 439 = 4*z, 0 = -4*m + 5*z + 590. Calculate the remainder when m is divided by 49.
47
Let j(t) = 24*t**2 + 4*t - 3. Let d be j(3). Suppose -3*g = 2*g - d. Let o = g - 30. Calculate the remainder when o is divided by 6.
3
Suppose -i - u + 8 = 0, i + 5*u + 2 = -2. Let s = 235 + -152. Suppose -3*j + 0*h = 4*h - s, 0 = -j - 2*h + 31. Calculate the remainder when j is divided by i.
10
Suppose -4*o = 2*u - 16, -2*u + 3*o = 2*u - 10. What is the remainder when 14 is divided by u?
2
Calculate the remainder when (5/15)/((-1)/(-48)) is divided by 5.
1
Let z(o) = 3*o + 6*o + o**2 - 2*o + 0 - 3. What is the remainder when 14 is divided by z(-8)?
4
Suppose -3*t = i + 1, 2*t - i - 4*i = 22. Let f(b) = 6*b. Calculate the remainder when 11 is divided by f(t).
5
Let i = -83 + 179. Let t = i - -378. Calculate the remainder when 2/5 - t/(-15) is divided by 11.
10
Let g be 2 + (6/(-3))/(-2). Let q(x) = -7*x + g + 8*x - 3. Calculate the remainder when 20 is divided by q(7).
6
Let a = 4 + 35. Suppose -k + a = 2*k. Let x(j) = -13*j - 1. What is the remainder when x(-3) is divided by k?
12
Let y(g) = g**2 + g. Let h = 27 + -10. Suppose -l - 4*d + h = 0, d + 0*d = -5*l + 85. What is the remainder when l is divided by y(-3)?
5
Let o = -40 - -57. Calculate the remainder when o is divided by 4.
1
Let g(f) = -f**2 + 13*f - 6. Let o be g(9). Suppose u + 2*u = 5*v + 130, 0 = -u - v + o. Calculate the remainder when u is divided by 9.
8
What is the remainder when -2 - -44 - (0 + -1) is divided by 5/4*(-12)/(-1)?
13
Let u(g) = g**2 - 8*g + 21. Let o(r) = 2 - 2*r + 8*r**2 - 2*r + 0. What is the remainder when o(2) is divided by